). Suppose 0 = 4*v + v - a. Let q(t) = -8*t - 7. Let j be q(-7). Calculate the greatest common factor of v and j.
7
Suppose 85 = 5*f + z, f - 3*z = 32 + 1. Let i = 28 - f. Suppose 300 = 5*b + c + 4*c, -2*c = -2*b + 120. Calculate the greatest common divisor of b and i.
10
Let s be (-1)/(-5) + (-117)/(-15). Let u = -13 + 15. Calculate the highest common factor of s and u.
2
Let i(n) = 6*n**2 + 7*n**3 - n - 6*n**3 + 7 - n**2. Let f be i(-5). Calculate the greatest common divisor of f and 4.
4
Let r = -2 + 4. Let w(y) = 4*y**3 - 7*y + 4*y**r + 0 - 5*y**3 - 2 - 10*y**2. Let n be w(-5). What is the greatest common factor of n and 8?
8
Let n(x) = 2*x**3 - 4*x**2 + 2*x + 1. Let v be n(2). Calculate the greatest common divisor of 5 and v.
5
Let c(x) = -2*x**3 + 3*x**2 - 2. Let t be c(-2). Let v = -93 + 132. Calculate the highest common factor of t and v.
13
Let q = 21 + -12. Suppose -i = -2*c + 110, -2*c = 3*c - 5. Let b be (i/(-10))/(2/10). What is the highest common factor of b and q?
9
Let p be 2/(-2) - 3*-1. Suppose p*j - 13 - 229 = 0. Suppose -2*v + 4*b = -7*v + 100, -4*v + 5*b = -j. What is the highest common divisor of 60 and v?
12
Suppose 6*b - 4*b - 18 = 0. Calculate the greatest common factor of 18 and b.
9
Suppose 10 = 5*o, 5*o - 205 = -5*y - 0*o. What is the highest common factor of y and 273?
39
Suppose 4*r = -2*p + 248, -3*r - 534 = -5*p + 125. What is the greatest common divisor of p and 325?
65
Suppose 0 = -0*k + 2*k. Suppose 3*w = 164 + 46. Suppose 3*g + 2*g - w = k. Calculate the highest common divisor of 154 and g.
14
Let n be 94/6 - (-3)/9. Suppose -12*h - 51 = -9*h. Let t = n - h. What is the greatest common factor of 11 and t?
11
Let m = -8 + 7. Let c be 1/(m - (-9)/8). What is the highest common divisor of 88 and c?
8
Let a(x) = -2*x - 1. Let c(u) = u + 1. Let i(b) = 6*a(b) + 13*c(b). Let p be i(9). Calculate the highest common factor of p and 2.
2
Let u(g) = g**3 + 12*g**2 + 9*g. Let y be u(-7). Suppose -2*q + 0*q + y = 0. Suppose -2*t - t = -39. What is the greatest common factor of q and t?
13
Suppose -4*j + 706 = -2*j. Let h = -199 + j. Calculate the greatest common divisor of h and 14.
14
Suppose x - 3*z - 3 = 0, -5*z - 18 - 9 = 2*x. Let n be x/(-5)*150/12. What is the greatest common divisor of n and 135?
15
Suppose 0 = 11*z - 16*z + 80. Let w be ((-2)/3)/(2/(-48)). What is the highest common factor of w and z?
16
Let m(g) be the second derivative of -13*g**5/5 - g**3/6 - g**2/2 + 2*g. Let b be m(-1). Calculate the highest common factor of 130 and b.
26
Let o(h) = h**2 + 3*h + 8. Let y be o(-8). Suppose -2*r = 3*r - 25. Suppose -y = -r*z + z. Calculate the greatest common divisor of 84 and z.
12
Suppose 6*o = -2 + 20. What is the greatest common divisor of 15 and o?
3
Suppose 15 + 9 = 3*c. Calculate the highest common divisor of 16 and c.
8
Let m(n) = -n**3 - 5*n**2 - 2*n + 1. Let i(d) = d. Let j be i(-5). Let f be m(j). Calculate the highest common divisor of f and 33.
11
Suppose 4 = -2*r - 2*r. Let m = 3 + r. What is the greatest common factor of m and 2?
2
Let a be 3*1 - (26 + -8)*-1. Calculate the greatest common factor of a and 84.
21
Suppose 0 = 4*t - 10 - 22. Let s(z) = -2*z**3 + z**2 + 3*z - 3. Let w be s(2). Let v be w/6*4*-2. Calculate the greatest common factor of v and t.
4
Let b(n) = 1 + 3*n - 3 - 12*n - 9*n. Let k be b(-5). What is the greatest common divisor of k and 8?
8
Let m(r) = -r + 16. Let a be m(12). Calculate the highest common factor of 32 and a.
4
Let f be 4/(-14) - (-116)/14. Let h = -3 + f. Let l = 28 - 8. Calculate the greatest common divisor of l and h.
5
Let g = -5 - -10. Suppose -3*y + 0*v = g*v - 24, 3 = v. Calculate the greatest common factor of 3 and y.
3
Let j = -3 + 6. Suppose -3*c - 144 = -6*c. Let h be 45/(-9)*c/(-10). What is the highest common divisor of j and h?
3
Let y = 73 - 17. Calculate the greatest common factor of 14 and y.
14
Let d(b) = 2*b - 3. Let t be d(2). Let l be t + 18 + 0 - 3. Suppose i - l = -i. What is the greatest common divisor of i and 16?
8
Suppose 33 = -d + 3*n, -2*d = 2*d + n + 93. Let s = 51 + d. Calculate the highest common divisor of 108 and s.
27
Let g be 88/6 + (-9)/(-27). Calculate the highest common divisor of g and 15.
15
Let c be 10/(-20) + 103/2. Let v = c + -30. Calculate the greatest common factor of 14 and v.
7
Suppose 0*b - 2*b = -12. Let f be b + (-2)/(2/1). What is the greatest common divisor of f and 55?
5
Suppose 0 = -4*d + 5*h + 268, 4*d + 2*h - 61 = 235. Calculate the greatest common factor of d and 18.
18
Let i(r) be the second derivative of 2*r**4/3 + 2*r**3/3 - 2*r. Suppose 5*b + 0 + 15 = 0. Let x be i(b). What is the greatest common factor of x and 15?
15
Suppose -5*a = -u - 250, 2*a - u + 0*u - 97 = 0. Let t = a - 11. Suppose -4*q = 4*o - 56, -2*o - 2*q + q = -24. What is the highest common factor of t and o?
10
Suppose 19 = 3*p + 2*u + 59, -3*u = -3. Let a be 3/(9/p)*-3. Suppose 5 = 2*d - 2*s + 3*s, 3*d - 10 = -4*s. What is the greatest common factor of a and d?
2
Let b = 64 - 57. Let m be (-5)/((-25)/14)*60. Suppose 5*q = q + m. Calculate the highest common factor of b and q.
7
Suppose -2*t + 90 = -50. What is the greatest common factor of 14 and t?
14
Let l = -70 - -89. Calculate the highest common factor of 38 and l.
19
Let c = 6 - -8. Calculate the greatest common factor of 28 and c.
14
Let b(n) = n**2 + 10*n. Let a be b(-7). Let c = a - -25. What is the greatest common factor of 32 and c?
4
Let a(w) = 2*w + 20. Let k be a(-7). Let x = 2 + 4. Calculate the greatest common divisor of x and k.
6
Let k be 4*(-7)/2*1. Let s = k - -46. What is the highest common divisor of s and 8?
8
Suppose -55*h + 72 = -51*h. What is the greatest common divisor of 18 and h?
18
Let m(u) = 14 - 2*u**2 + 2*u**2 + u**2 - 11*u + 12*u. Let j be m(0). Calculate the highest common divisor of 154 and j.
14
Let l be 1*47*2*1. Suppose 0 = 2*c - 5*c + 6. Let m be c/(2 - l/48). What is the highest common divisor of 16 and m?
16
Suppose 0 = -2*o - 10 + 406. What is the highest common factor of 36 and o?
18
Suppose -5*o - 2*u + 550 = -u, 0 = -2*o + 3*u + 220. Let x = o - 35. Let b = -3 - -18. What is the highest common factor of x and b?
15
Suppose 3*p + 0 = 18. Let v = p + -4. Suppose 296 = 2*d + d + r, -v*d + r + 199 = 0. Calculate the highest common factor of d and 11.
11
Suppose 11*a = 5077 - 1326. Suppose -3*k = -4*w + 27 + 112, 0 = 2*w + 4*k - 42. What is the highest common divisor of w and a?
31
Let v(s) = s - 1. Let w be v(0). Let l be 0 - (w*9 + 2). What is the highest common divisor of 35 and l?
7
Let w(s) = -s**3 - 5*s**2 - 2*s + 5. Let i be 112/(-18) + 4/18. Let o be w(i). Let m = o + -11. What is the highest common divisor of m and 63?
21
Suppose 0 = 4*b - 3*w + 30, -4*b + 1 = 5*w + 15. Let f = b + 41. What is the greatest common factor of f and 14?
7
Suppose 2*q = -0*q + 30. Let d be (6/(-10))/(11/(-55)). What is the greatest common divisor of d and q?
3
Let h be (-1 - (0 + 3)) + 67. What is the highest common divisor of 9 and h?
9
Suppose -4*p - 3*c + 471 = 0, c + 4 - 1 = 0. Calculate the highest common divisor of p and 48.
24
Let g(q) = 6*q - 4. Let h be g(6). Let c be 1206/15 - 4/10. Calculate the greatest common factor of c and h.
16
Suppose -3*w + 5*w = 6. Suppose 0*p + 4*p - 3*s = 7, 3*s + w = 0. What is the highest common factor of p and 7?
1
Suppose 2*m = 9*m - 350. Calculate the highest common divisor of m and 75.
25
Let v = 1 + 3. Suppose v = 3*m - 2*m. Let p be (-8)/6*(-54)/m. What is the greatest common divisor of 45 and p?
9
Let q = -89 - -105. Suppose 4*u = 12, 33 = 5*t + u - 0*u. Let l(p) = p**2 + 8*p - 4. Let o be l(t). What is the highest common factor of o and q?
16
Let c = -58 - -62. Calculate the highest common divisor of 6 and c.
2
Let r be 9/2*(-16)/(-3). Suppose -2*s + 22 = 5*b, -5*s + 24 = -3*b - 0*b. Calculate the greatest common divisor of s and r.
6
Suppose 5*b - 7 = 23. Calculate the highest common factor of b and 21.
3
Let c be (-1)/3 - 65/(-15). Suppose 6 - 46 = -c*q. Calculate the greatest common divisor of q and 80.
10
Let z be 8/(-3)*(-3)/2. Let j be (1 + 9)*6/z. What is the highest common divisor of 6 and j?
3
Suppose 0*u = u + 2. Let t be ((-1)/u)/((-2)/(-52)). What is the highest common divisor of 13 and t?
13
